 -1 - (-7 + 13 + -5)
-6
Calculate (1 - 4) + (9 - (6 - -1)).
-1
Calculate (-1 - 3 - (3 - -1)) + 5.
-3
-1 + 7 - (11 - (5 - -3))
3
What is the value of 3 - (5 + -2 + 5 + -3)?
-2
What is -2 + 1 + -3 + 3 + 1?
0
Evaluate -24 + (2 - -7) - -24.
9
Calculate -24 + 7 - (-16 - -9).
-10
9 + -5 + 0 + -10
-6
Evaluate 0 + -2 + -5 - -9.
2
Evaluate (-9 - 2) + 5 + 8.
2
0 - -4 - (-6 - -10)
0
0 + 6 - (27 + -23)
2
(-1 - -9) + 1 + (-9 - -2)
2
What is (0 - -1) + (-14 - (-6 + -2))?
-5
3 + -15 + 3 - -3
-6
What is 2 + 2 + 9 + -17?
-4
Evaluate 3 + (-4 - 2) - -3.
0
9 + -1 - (0 - -3)
5
7 - (1 - 5 - -7 - 0)
4
What is the value of 0 - (-6 + 9 - 0)?
-3
What is the value of 6 + 0 + (-6 - (-8 - -4))?
4
Calculate -5 - -1 - (-2 + -6 - -7).
-3
What is the value of 5 - (0 - (2 + 2 - 7))?
2
What is 0 + (6 + -5 - 5) + 10?
6
4 + 2 + -6 + 4 + 1
5
What is 5 + -2 + (1 + 3 - 9)?
-2
Calculate 11 + -3 - (-50 + 56).
2
Evaluate 3 + (-2 - -4 - 4 - 5).
-4
What is the value of (-4 - -7) + -3 + 4?
4
(0 - 1) + 1 - (14 + -13)
-1
-14 + 14 - (-4 - -4)
0
Calculate -2 + -2 + 4 + -8 + 8.
0
Calculate (2 - -1) + 1 + -8.
-4
Calculate (2 - (0 + 2)) + 5.
5
What is 3 + (5 - 3) - 3?
2
What is 2 - 1 - (-229 + 239)?
-9
What is -8 + 9 + 4 + 0?
5
-1 + -3 + 10 + -3
3
What is 3 + (5 - (4 - (5 - 7)))?
2
0 + 2 + (-7 - 3)
-8
What is the value of 2 + -4 - 2 - -1 - -2?
-1
4 + (-4 - 3 - 3) + 1
-5
-7 + 10 + (-8 - -5)
0
Calculate 0 + 3 - (5 - (0 + 3)).
1
Evaluate -3 - 0 - (12 - (22 + -9)).
-2
Evaluate (-7 - -5) + (-4 - -10).
4
Evaluate 3 + (11 - 11 - -5).
8
What is (-3 + 3 - -7) + (0 - 4)?
3
Evaluate -4 + -1 - (-5 + 6) - -8.
2
Calculate 14 - (10 + -12 + 7).
9
Evaluate -3 - ((-8 - -4) + 5).
-4
Evaluate 1 + (2 - 13 - -4 - -4).
-2
Calculate (10 - 7 - (1 + 3)) + -2.
-3
-1 - (2 - 11 - -5)
3
Calculate -5 + 9 + (0 - 1).
3
(-9 - -7) + (4 - 1)
1
-5 + -1 + (-2 - -11)
3
Calculate -2 + (0 - 2) + -2 + 1.
-5
Evaluate (-9 + 5 - 1) + 1 - -1.
-3
What is (4 - 0 - (5 - 5)) + -2?
2
4 - (-1 - -2 - (0 + -2))
1
What is -4 + (-2 - (4 + -6)) + 1?
-3
Calculate (6 - -6) + (-6 - -3).
9
11 - (8 + 7) - (0 + 1)
-5
Calculate 4 + -1 + -5 - (-10 + 4).
4
2 - -1 - (0 - -2 - -1)
0
What is 1 - (-4 - -5) - (-6 + 11)?
-5
What is -19 - -20 - (1 + 0 - 2)?
2
What is the value of (1 - 1) + (16 - 19)?
-3
Calculate 10 - (11 + -8 + 9).
-2
Calculate (4 + -1 - -2) + -6 - 0.
-1
What is the value of -7 - (6 + -6 + 10) - -8?
-9
Evaluate 9 - (11 - (-9 - -9)).
-2
What is 4 - (8 + -4) - -2?
2
7 - ((-5 - -5) + 2)
5
What is the value of -2 + 6 + -1 - 1?
2
What is the value of 8 - (1 + 8 + -6)?
5
What is the value of 6 + (5 - (7 - (5 - 9)))?
0
Evaluate 14 + -16 - (3 - 7) - -3.
5
Calculate 0 - -4 - (2 + -11 + 10).
3
Evaluate 2 + -5 + (-3 - -2) + 8.
4
Calculate -4 + 7 + (-7 - -2) - 2.
-4
Evaluate (3 - 4) + 7 + -14 + 14.
6
Calculate 1 - (-3 + 4 + 0).
0
(-1 - -2) + 2 + 1
4
Evaluate 6 + 5 + -9 - 11.
-9
Calculate 1 + 0 - ((4 - -3) + -8).
2
2 - (-1 - (6 - 13))
-4
What is (-1 - (-17 + (8 - -1))) + -13?
-6
-2 + 1 + (19 - 19)
-1
What is the value of 6 + (3 + (-10 - -6) - 6)?
-1
What is the value of -1 + (-1 - (2 - 8)) + -3?
1
Calculate -4 + 13 + -6 + 3.
6
Evaluate 0 + -1 - (-7 - -15 - 12).
3
-9 - (10 - (-3 - -20))
-2
What is 3 - (-3 + 3) - (-1 - -9)?
-5
What is 16 - ((2 - -13) + -23 + 16)?
8
1 + 1 + -2 - -3 - 8
-5
Evaluate 8 + (-9 - -10 - 13).
-4
What is the value of (10 - 1) + (9 - (12 - -1))?
5
2 + 2 + -4 + -2
-2
Calculate (-10 - -4) + 2 + 7.
3
-4 - (-2 - (1 - (3 - 3)))
-1
(1 - -1) + 4 - 11
-5
What is -8 - -7 - (-3 - 3)?
5
What is -9 + 8 + 0 + 7?
6
What is -2 + -1 + 2 + (3 - 5)?
-3
8 + -2 + 3 + -4 + -9
-4
What is the value of (1 - (6 + -1)) + 98 + -96?
-2
What is the value of -6 - (-2 + -3 - -3)?
-4
(2 - -2 - 0) + -7
-3
What is the value of -4 - (1 + -1 + -3)?
-1
Calculate (-6 - 1) + 6 + (-6 - -2).
-5
What is -4 + 6 + (2 + -4 - -1)?
1
Evaluate -6 - -1 - (-27 - -25).
-3
(-2 - -9) + -4 + -4 + -1
-2
What is the value of 2 + -9 + 3 + 3?
-1
What is the value of (-1 - -6) + -2 - (14 + -11)?
0
What is the value of -13 - (13 - (18 + 6))?
-2
What is (3 - 8) + (37 - 26)?
6
Calculate -3 + (1 + -5 - (0 - 3)).
-4
Calculate -15 + 27 + 1 + (1 - 7).
7
1 + (-3 - 3) - 1
-6
What is 7 + 0 + (4 - (-1 + 8))?
4
1 + -2 + 0 + -3 + -1
-5
What is the value of (3 - 3) + (1 + 0 - 3)?
-2
Calculate (4 - (-3 - -5) - 4) + -2.
-4
Calculate 0 + (-11 - (5 - 9)) + 2.
-5
Evaluate (0 - 1) + (-3 - -3).
-1
What is -3 + -7 + 11 + 1?
2
Evaluate (6 - 1) + -4 + (4 - -3).
8
What is the value of 0 + 1 + 4 + (14 - 27)?
-8
What is 1 + -13 + -7 + 27?
8
Evaluate 11 + -3 + -6 + (1 - -2).
5
Calculate -21 + 15 - (-3 + (1 - 0)).
-4
Evaluate (-3 + -12 + 2 - -3) + 5.
-5
What is the value of 0 + -2 + (0 - -5) + 0?
3
Calculate 4 + 1 + -3 + -5.
-3
Calculate (2 - 2 - 1) + -7 + 5.
-3
What is 5 - (-3 - (0 + -4))?
4
Evaluate (0 - (-2 + 1)) + 0 + -2.
-1
What is (-6 - -2) + 2 - (3 - 1)?
-4
Calculate (-4 - (-7 - (-2 - 2))) + 0.
-1
3 + (2 - (1 - -2)) - 2
0
Evaluate 0 - (-6 - -3) - 0.
3
Calculate (3 - (2 - (-5 + 2))) + 8.
6
Evaluate (4 - (0 - -5)) + -3.
-4
What is 0 - (-8 - -1 - -2)?
5
What is the value of (-6 - (-17 + 7) - 9) + 2?
-3
(78 - 70) + (-14 - 0)
-6
What is the value of -14 + 2 - (-18 + 12)?
-6
Calculate -2 + 1 + (1 - 2).
-2
What is 3 - (7 + -8 - 1 - -1)?
4
What is (-8 - (-2 - (-5 - -8))) + -1?
-4
Calculate -1 - 0 - (-21 - -15) - 4.
1
Calculate (-1 - 1) + 6 + 0.
4
Evaluate 4 + (2 + 1 - (0 + 9)).
-2
-3 - (3 + 4 + -6 - 10)
6
Evaluate -4 - (-2 - (8 - 12)).
-6
Evaluate 0 + 7 - (1 - (-3 - 1)).
2
What is the value of -3 + 5 + (-11 - -3)?
-6
Evaluate 15 + 0 - (102 - 91).
4
Evaluate 6 + (0 - 5 - (-4 - -1)).
4
What is (-1 - 1) + (-5 - -5)?
-2
-3 - -3 - (-2 + 1)
1
What is 7 - 5 - (-1 + (0 - -3))?
0
Evaluate 0 + (-4 - -1) - -1 - 4.
-6
What is the value of -7 + 4 + 2 + -1?
-2
1 - (-6 + (3 - 4)) - 1
7
What is -5 + (-5 - -7) + 10 + 0?
7
-5 + -1 + 7 + 2 - -3
6
What is the value of 17 + -25 + 0 + 4?
-4
What is 2 + (8 - 9) + 1?
2
Evaluate (3 - (1 + 0)) + -3.
-1
What is the value of (-5 - -7 - -2 - 5) + 3?
2
8 + -13 - (0 + -1)
-4
Evaluate (3 - 8) + 16 + -4.
7
What is (-2 - -2) + 3 - 5?
-2
Calculate (21 - 24) + -1 + -1.
-5
What is 12 - ((5 - (3 + 0)) + 4)?
6
1 + -1 - (4 - (-5 + 12))
3
Evaluate 7 + 0 + 5 + -12.
0
Evaluate 3 - (-12 + 10 - 5).
10
Calculate 4 + (17 - 19 - (1 - 0)).
1
9 - (1 - (9 + -12))
5
4 - (1 + 0 + (-1 - -1))
3
Calculate (-6 - -1) + 9 + 0.
4
What is -1 + 4 - (179 - 173)?
-3
Calculate (-1 - 9 - -2) + 4.
-4
What is 1 - (9 + -1) - -7?
0
Calculate 1 + 2 - (27 - 25).
1
Calculate (4 + -11 - -8) + -7.
-6
What is -5 + 0 + (3 + 13 - 13)?
-2
What is -1 + (5 - (1 + 4))?
-1
Evaluate 6 + 0 + -1 - (-4 - -8).
1
What is the value of -3 - (-1 + 7 + -5 + 2)?
-6
Calculate 2 - -3 - (4 + 2).
-1
What is 3 + -6 - (-1 + -2)?
0
Calculate -1 + 2 + 4 + -6 + 0.
-1
Evaluate -9 + -1 + 9 + (-2 - -4).
1
Evaluate (-15 - 1 - -11) + 11.
6
Calculate 2 - (-4 + (-5 - (5 + -13))).
3
Calculate 1 + (-2 + 1 - (16 + -21)).
5
What is the value of 1 - (-2 - -3 - 2)?
2
What is 2 + -2 - (0 + -3 - -4)?
-1
What is -7 + 1 + -1 + 6?
-1
What is the value of (3 - 1) + (-5 - (2 - 6))?
1
Evaluate 5 + -3 + -10 + 8.
0
0 - (5 + -3 - 5)
3
Evaluate -2 - 1 - (8 + -4 + -3).
-4
What is the value of -17 - -15 - (-2 - (-3 - -1))?
-2
Evaluate 1 + 0 + -2 - -1 - 4.
-4
What is -1 - (0 + 6 + 3 + -5)?
-5
Calculate (0 + 5 - (3 + 1)) + -2.
-1
What is 0 - -4 - (-14 + (-2 - -21))?
-1
Evaluate -5 - (6 - 6) - -3.
-2
147 - 152 - (0 - 15)
10
What is -6 + 4 + 9 - 17 - -4?
-6
Evaluate 3 + -1 - (-12 + 11).
3
(-12 - -5 - -5) + 4
2
Calculate (2 - -4) + (1 - (8 + -1)).
0
Evaluate 0 - (5 - (4 - 4)).
-5
Evaluate 3 - (1 + (-3 - -14) + -6).
-3
What is the value of 3 + (-2 - -3 - (-10 - -14))?
0
What is -6 - (-23 + 12) - 2?
3
Calculate 31 - 39 - (2 - (8 + 0)).
-2
What is 2 - 2 - (-4 + 3)?
1
Calculate 2 - (-7 + 3 + 1) - -1.
6
What is (1 - (-5 + 6)) + 3 + -4?
-1
Evaluate (-2 - (1 - 4)) + -2.
-1
Calculate 0 - (-1 + 10 + -9).
0
What is (-2 - (3 - 9)) + 1?
5
Calculate 18 - (10 + -6 + 5).
9
What is the value of (3 - 5) + (-12 - -12)?
-2
-1 + 2 - (0 - (-1 - 0))
0
Evaluate (-4 - 0) + 7 + -6 + 2.
-1
What is -1 + -2 + (-6 - 0) + 3?
-6
Calculate 10 - 13 - (-2 + 4 - 2).
-3
Evaluate -5 - (4 - (-4 + 14)).
1
What is -3 + -3 + (1 - 0)?
-5
What is (-8 + 8 - -3) + -2?
1
(3 - 0) + (11 - 14)
0
-4 + 15 + -9 + -7
-5
What is 3 + (-2 + 0 - 3 - -2)?
0
What 